{"id":11934,"date":"2023-12-26T17:53:05","date_gmt":"2023-12-26T20:53:05","guid":{"rendered":"https:\/\/mitmaq.com\/?post_type=product&#038;p=11934"},"modified":"2025-10-16T13:40:05","modified_gmt":"2025-10-16T16:40:05","slug":"atadora-inotec-ig5-it","status":"publish","type":"product","link":"https:\/\/mitmaq.com\/staging\/product\/atadora-inotec-ig5-it\/","title":{"rendered":"Atadora Inotec IG5-IT"},"content":{"rendered":"\t\t<div data-elementor-type=\"wp-post\" data-elementor-id=\"11934\" class=\"elementor elementor-11934\">\n\t\t\t\t\t\t<section class=\"elementor-section elementor-top-section elementor-element elementor-element-31521146 elementor-section-boxed elementor-section-height-default elementor-section-height-default\" data-id=\"31521146\" data-element_type=\"section\" data-e-type=\"section\">\n\t\t\t\t\t\t<div class=\"elementor-container elementor-column-gap-default\">\n\t\t\t\t\t<div class=\"elementor-column elementor-col-100 elementor-top-column elementor-element elementor-element-548c5a5e\" data-id=\"548c5a5e\" data-element_type=\"column\" data-e-type=\"column\">\n\t\t\t<div class=\"elementor-widget-wrap elementor-element-populated\">\n\t\t\t\t\t\t<div class=\"elementor-element elementor-element-5e4e6bea elementor-widget elementor-widget-text-editor\" data-id=\"5e4e6bea\" data-element_type=\"widget\" data-e-type=\"widget\" data-widget_type=\"text-editor.default\">\n\t\t\t\t<div class=\"elementor-widget-container\">\n\t\t\t\t\t\t\t\t\t<p>La m\u00e1quina Handtmann Inotec IG5-iT sirve para el porcionado, el atado y la separaci\u00f3n de productos embutidos en tripa natural, artificial y de col\u00e1geno. Los productos se atan con pesos exactos, de forma fiable y con un alto rendimiento en distancias definibles libremente, con o sin lazo. Opcionalmente, es posible la separaci\u00f3n directa de los productos tras el proceso de atado. Los productos satisfacen las megatendencias de los productos \u00abcomo hechos a mano\u00bb y \u00abproducidos de forma sostenible\u00bb, ya que est\u00e1n exentos por completo de clips met\u00e1licos.<\/p><p>La IG5-iT es perfecta para el atado fiable de productos embutidos en el rango de calibres de 28 a 80 mm. Con el ligero \u00absobrellenado\u00bb se obtienen productos atractivos, perfectamente rellenados y con mordida. La hendidura creada por el hilo longitudinal genera la cl\u00e1sica caracter\u00edstica de calidad \u00abhecho a mano\u00bb que promueve las ventas. Ristras de producto variadas, definibles libremente, con distancias peque\u00f1as o grandes, opcionalmente con o sin lazos de colgado, as\u00ed como una aplicaci\u00f3n de red ofrecen una libertad de dise\u00f1o pr\u00e1cticamente sin l\u00edmites. Productos t\u00edpicos son el salami tradicional italiano en todos los tama\u00f1os y formas o la Krakowska polaca.<\/p><p><strong>Alto rendimiento y reducci\u00f3n de costes mediante el ahorro de tripa<\/strong><\/p><p>La atadora IG5-iT proporciona una alta capacidad de producci\u00f3n efectiva de hasta 180 ataduras por minuto, registrado de forma verificable por el contador de productividad. Un tubo de llenado basculable, el cargador de tripa opcional y un dep\u00f3sito de f\u00e1cil acceso para tripas naturales facilitan la carga de las tripas. Los grandes rollos de hilo de Inotec reducen al m\u00ednimo los procesos de cambio. La excelente precisi\u00f3n en el peso por porci\u00f3n y las cortas separaciones de los productos con un ahorro de tripa de hasta el 40 % reducen considerablemente los costes de producci\u00f3n.<\/p><p><strong>Manejo sencillo e higiene \u00f3ptima<\/strong><\/p><p>Se maneja f\u00e1cilmente y se controla de forma intuitiva mediante un control t\u00e1ctil. Los cambios de producto con diferentes par\u00e1metros de calibre, distancias y atado se efect\u00faan sin herramientas. Opcionalmente, es posible la separaci\u00f3n autom\u00e1tica de las porciones directamente tras el proceso de atado. La m\u00e1quina se desconecta autom\u00e1ticamente en caso de que falte hilo o tripa, evit\u00e1ndose as\u00ed producciones defectuosas. El atado seguro evita que queden restos de producto en el punto de atado y, junto con la versi\u00f3n en acero inoxidable con conformidad CE, garantiza una producci\u00f3n higi\u00e9nica impecable.<\/p>\t\t\t\t\t\t\t\t<\/div>\n\t\t\t\t<\/div>\n\t\t\t\t<div class=\"elementor-element elementor-element-bc1786d acenter has-icon_size_animation elementor-widget-icon-box wgl-icon-box elementor-widget elementor-widget-wgl-button\" data-id=\"bc1786d\" data-element_type=\"widget\" data-e-type=\"widget\" data-widget_type=\"wgl-button.default\">\n\t\t\t\t<div class=\"elementor-widget-container\">\n\t\t\t\t\t<a class=\"wgl-button btn-size-xl \" role=\"button\" href=\"https:\/\/mitmaq.com\/wp-content\/uploads\/2024\/01\/IG5-iT.pdf\"><div class=\"button__content align-icon-right\"><div class=\"media-wrapper icon-wrapper\"><span class=\"wgl-icon\" ><i class=\"icon elementor-icon flaticon flaticon-down-right-arrow\" aria-hidden=\"true\"><\/i><\/span><\/div><span class=\"button__text\">Descargar ficha t\u00e9cnica<\/span><\/div><\/a>\t\t\t\t<\/div>\n\t\t\t\t<\/div>\n\t\t\t\t<div class=\"elementor-element elementor-element-180b498 elementor-widget elementor-widget-text-editor\" data-id=\"180b498\" data-element_type=\"widget\" data-e-type=\"widget\" data-widget_type=\"text-editor.default\">\n\t\t\t\t<div class=\"elementor-widget-container\">\n\t\t\t\t\t\t\t\t\t<p>Para m\u00e1s informaci\u00f3n, te invitamos a visitar el sitio web de Handtmann-Inotec: <span style=\"border-bottom: 2px solid #96D045;\"><a href=\"https:\/\/www.handtmann.de\/es\/sistemas-de-embuticion-y-de-porcionado\/inotec\" target=\"_blank\" rel=\"noopener\">https:\/\/www.handtmann.de\/<\/a><\/span><\/p>\t\t\t\t\t\t\t\t<\/div>\n\t\t\t\t<\/div>\n\t\t\t\t\t<\/div>\n\t\t<\/div>\n\t\t\t\t\t<\/div>\n\t\t<\/section>\n\t\t\t\t<\/div>\n\t\t","protected":false},"excerpt":{"rendered":"<p>Para el atado doble de productos con forma de salchicha en tripa natural, artificial y de col\u00e1geno.<\/p>\n<p>Producto disponible en:<br \/>\n<a href=\"https:\/\/mitmaq.com\/wp-content\/uploads\/2021\/09\/Argentina.png\"><img decoding=\"async\" class=\"alignnone wp-image-5937\" src=\"https:\/\/mitmaq.com\/wp-content\/uploads\/2021\/09\/Argentina.png\" alt=\"Argentina\" width=\"30\" height=\"30\" srcset=\"https:\/\/mitmaq.com\/staging\/wp-content\/uploads\/2021\/09\/Argentina.png 100w, https:\/\/mitmaq.com\/staging\/wp-content\/uploads\/2021\/09\/Argentina-1x1.png 1w, https:\/\/mitmaq.com\/staging\/wp-content\/uploads\/2021\/09\/Argentina-10x10.png 10w\" sizes=\"(max-width: 30px) 100vw, 30px\" \/> <\/a><a href=\"https:\/\/mitmaq.com\/wp-content\/uploads\/2021\/09\/Bolivia.png\"><img decoding=\"async\" class=\"alignnone wp-image-5938\" src=\"https:\/\/mitmaq.com\/wp-content\/uploads\/2021\/09\/Bolivia.png\" alt=\"Bolivia\" width=\"30\" height=\"30\" srcset=\"https:\/\/mitmaq.com\/staging\/wp-content\/uploads\/2021\/09\/Bolivia.png 100w, https:\/\/mitmaq.com\/staging\/wp-content\/uploads\/2021\/09\/Bolivia-1x1.png 1w, https:\/\/mitmaq.com\/staging\/wp-content\/uploads\/2021\/09\/Bolivia-10x10.png 10w\" sizes=\"(max-width: 30px) 100vw, 30px\" \/> <\/a><a href=\"https:\/\/mitmaq.com\/wp-content\/uploads\/2021\/09\/Paraguay.png\"><img decoding=\"async\" class=\"alignnone wp-image-5939\" src=\"https:\/\/mitmaq.com\/wp-content\/uploads\/2021\/09\/Paraguay.png\" alt=\"Paraguay\" width=\"30\" height=\"30\" srcset=\"https:\/\/mitmaq.com\/staging\/wp-content\/uploads\/2021\/09\/Paraguay.png 100w, https:\/\/mitmaq.com\/staging\/wp-content\/uploads\/2021\/09\/Paraguay-1x1.png 1w, https:\/\/mitmaq.com\/staging\/wp-content\/uploads\/2021\/09\/Paraguay-10x10.png 10w\" sizes=\"(max-width: 30px) 100vw, 30px\" \/> <\/a><a href=\"https:\/\/mitmaq.com\/wp-content\/uploads\/2021\/09\/Uruguay.png\"><img loading=\"lazy\" decoding=\"async\" class=\"alignnone wp-image-5940\" src=\"https:\/\/mitmaq.com\/wp-content\/uploads\/2021\/09\/Uruguay.png\" alt=\"Uruguay\" width=\"30\" height=\"30\" srcset=\"https:\/\/mitmaq.com\/staging\/wp-content\/uploads\/2021\/09\/Uruguay.png 100w, https:\/\/mitmaq.com\/staging\/wp-content\/uploads\/2021\/09\/Uruguay-1x1.png 1w, https:\/\/mitmaq.com\/staging\/wp-content\/uploads\/2021\/09\/Uruguay-10x10.png 10w\" sizes=\"(max-width: 30px) 100vw, 30px\" \/><\/a><\/p>\n","protected":false},"featured_media":13032,"comment_status":"open","ping_status":"closed","template":"","meta":[],"product_brand":[292],"product_cat":[15,68],"product_tag":[136,131],"class_list":{"0":"post-11934","1":"product","2":"type-product","3":"status-publish","4":"has-post-thumbnail","6":"product_brand-inotec","7":"product_cat-carnica","8":"product_cat-maquinas-posventa","9":"product_tag-clipeado-atado","10":"product_tag-ind-carnica","12":"first","13":"instock","14":"taxable","15":"shipping-taxable","16":"product-type-simple"},"_links":{"self":[{"href":"https:\/\/mitmaq.com\/staging\/wp-json\/wp\/v2\/product\/11934","targetHints":{"allow":["GET"]}}],"collection":[{"href":"https:\/\/mitmaq.com\/staging\/wp-json\/wp\/v2\/product"}],"about":[{"href":"https:\/\/mitmaq.com\/staging\/wp-json\/wp\/v2\/types\/product"}],"replies":[{"embeddable":true,"href":"https:\/\/mitmaq.com\/staging\/wp-json\/wp\/v2\/comments?post=11934"}],"version-history":[{"count":22,"href":"https:\/\/mitmaq.com\/staging\/wp-json\/wp\/v2\/product\/11934\/revisions"}],"predecessor-version":[{"id":13036,"href":"https:\/\/mitmaq.com\/staging\/wp-json\/wp\/v2\/product\/11934\/revisions\/13036"}],"wp:featuredmedia":[{"embeddable":true,"href":"https:\/\/mitmaq.com\/staging\/wp-json\/wp\/v2\/media\/13032"}],"wp:attachment":[{"href":"https:\/\/mitmaq.com\/staging\/wp-json\/wp\/v2\/media?parent=11934"}],"wp:term":[{"taxonomy":"product_brand","embeddable":true,"href":"https:\/\/mitmaq.com\/staging\/wp-json\/wp\/v2\/product_brand?post=11934"},{"taxonomy":"product_cat","embeddable":true,"href":"https:\/\/mitmaq.com\/staging\/wp-json\/wp\/v2\/product_cat?post=11934"},{"taxonomy":"product_tag","embeddable":true,"href":"https:\/\/mitmaq.com\/staging\/wp-json\/wp\/v2\/product_tag?post=11934"}],"curies":[{"name":"wp","href":"https:\/\/api.w.org\/{rel}","templated":true}]}}